Suppose 3*k - 3*d + 6 = -0, -5*k - 3*d - 10 = 0. Let l be s(k). Is h(l) a composite number?
True
Let a(n) = -n**3 + 9*n**2 - 8*n + 9. Let y be a(8). Suppose 2*d = y + 11. Is d a composite number?
True
Suppose 0*w = -4*y + 5*w + 671, -4*y + 3*w = -673. Is y prime?
False
Let s(y) = 5*y**3 - 3*y**2 + 13. Let m(a) = a**3 + 1. Let u(l) = -6*m(l) + s(l). Is u(-6) composite?
True
Let c(o) be the second derivative of 19*o**3/3 + 2*o. Let n be c(-2). Is 2/1*n/(-8) a composite number?
False
Let h(c) = c**3 - 4*c**2 + 2*c - 4. Is h(7) a composite number?
False
Suppose -40 = -3*w - 6*v + v, -v = 4*w - 25. Suppose -2*u - 164 = -4*h, w*h - 214 + 27 = -2*u. Is h a composite number?
True
Let p = 1 + -1. Let n be (-1)/(p - 2/62). Let h = n - 9. Is h composite?
True
Let t = 11 - 7. Suppose -t*a + 144 = -2*a. Suppose u = -u + 2, 0 = 5*y + 2*u - a. Is y a composite number?
True
Let n = 9 - 6. Let f = 34 + -19. Suppose f = 2*z + n. Is z composite?
True
Suppose 0 = 4*j + 2*s - 118, 3*j - 3*s - 71 = j. Suppose d - 4*b - 45 = 0, -2*d - j + 186 = 5*b. Suppose -3*i = q - 175, -d = 2*i + q - 181. Is i composite?
False
Suppose -2*o - 3*p = -141, -o + p = -46 - 12. Suppose 3*y + 2*g + 96 = -y, -3*y + 3*g = o. Let n = y + 78. Is n prime?
False
Let j = -1265 + 2664. Is j a prime number?
True
Let h(j) = j**3 + 12*j**2 - 3*j + 7. Is h(-11) prime?
False
Suppose -36 = -2*q - 3*h, 4*q - 3*h - 20 - 34 = 0. Suppose -5*t = q, 20 = 3*r + 3*t - 10. Is r a composite number?
False
Let z(k) = -k - 4. Let p be z(-6). Suppose -p*r = 5*q - 126, 5*r + 76 = 3*q + 6*r. Is q composite?
True
Suppose 4*f - 22 = -p, -2*p + 4*f = f. Is 8/(-12) - (-946)/p prime?
True
Let f(i) = 184*i + 3. Is f(2) composite?
True
Let p = 11 - 15. Is -1*-91*(-4)/p a composite number?
True
Suppose 3*j - 4 = -2*m + 1, 5*j - 4*m - 45 = 0. Suppose 5*k + 3*h = 8*h + 1075, j*k = 3*h + 1067. Is k a prime number?
True
Suppose 0 = -5*q + b - 115, 0 = 4*q + 5*b - b + 92. Let s = q + 46. Suppose -3*w = 2 - s. Is w composite?
False
Let j(c) = -6*c**3 - 3*c**2 - c - 1. Suppose 8 = v - 2*f, v + 23 = -3*v - 3*f. Is j(v) a prime number?
True
Let b = 22 + -12. Suppose -4*v - b = -2*k, v - k + 4 = k. Is (148/16)/(v/(-8)) a prime number?
True
Let u(k) = -43*k - 6. Let x(t) = -86*t - 11. Let b(p) = 7*u(p) - 4*x(p). Is b(3) composite?
False
Suppose 6*g + 3442 = 8*g. Is g a prime number?
True
Let q be -3 + 4/((-12)/(-9)). Suppose 0 = -5*a + d - 175 + 772, q = 5*d + 10. Is a composite?
True
Suppose 0 = y + 2*y - 333. Suppose -2*c + y = c. Is c composite?
False
Let n(q) = 9*q + 1. Is n(4) composite?
False
Let k(q) be the first derivative of -15*q**4/4 + q**2 + q + 1. Let d be k(-2). Is d + (-2)/(-4)*4 prime?
False
Suppose 3 = q + m, 4*q + 0*m - 2*m - 24 = 0. Suppose 2*i - q*i = -483. Is i a prime number?
False
Let q = 11 - 6. Suppose q*o - 38 = -4*y, 0 = -4*o - 2*y - 3 + 31. Suppose b = 3*r + 48, -2*r + o + 50 = 2*b. Is b composite?
True
Let f(d) = -4*d**3 + 2*d**2 + 3*d**3 + 2*d**3 + 6*d - 3*d**3 + 5. Let y(g) = -g**2 - 2*g - 1. Let l be y(-3). Is f(l) composite?
True
Let h(o) = -308*o - 5. Is h(-3) a prime number?
True
Let f = 2215 + -1546. Is f composite?
True
Is ((80/(-12))/4)/(3/(-2043)) composite?
True
Let m(y) = -y**3 - 5*y**2 + y + 3. Let d be m(-5). Let t = 0 - d. Suppose 4*q - 408 = -4*c, 3*c + t*q - 5*q - 276 = 0. Is c a prime number?
True
Suppose -250 = -2*p + 4*z, 3*z = 2*z - 5. Is p a prime number?
False
Let d = 3 - 1. Let v be (-6)/4 - 1/d. Is -2 - (-26 - (0 + v)) composite?
True
Suppose 261 = 3*b - 4*u, 3*b - 234 = u - 6*u. Is b a prime number?
True
Suppose 4*c + 22 = 2. Let q(g) = 4*g**2 + g + 3. Let z be q(c). Suppose -3*f - 3*w + 108 = 0, 5*w + z = 3*f - 34. Is f composite?
True
Suppose k = -4*g + 5, -2*g = 5*k - 10*k - 19. Suppose 3*c - f = 450, g*f - 180 = -c - 37. Is c a prime number?
True
Suppose -3*t - t + 7956 = 4*x, -x = 3*t - 1993. Is x a composite number?
False
Suppose 1 = -r - b - 1, 0 = -5*r + b - 40. Let h = 72 - r. Is h a composite number?
False
Let y = -1962 + 3377. Is y a prime number?
False
Suppose 0 = 2*s - 33 - 5. Is s prime?
True
Let p(l) = 33*l**2 - 8*l - 25. Is p(-6) a composite number?
True
Suppose -51 = -4*l + 189. Let j = l - 1. Is j composite?
False
Let x(d) = -89*d - 2*d - 161*d - 7. Is x(-2) composite?
True
Let q(n) = -5*n + 3. Suppose -2*y + 3*y = -5*m - 7, -3*y + 2*m - 21 = 0. Let u be 40/y + 10/(-35). Is q(u) prime?
False
Let r = 44 + -21. Let d = r + -12. Let m = 33 - d. Is m a composite number?
True
Suppose 7*m - 2*m - 2*l - 24 = 0, 4*m - 21 = l. Suppose 0*d - 2*d = -340. Suppose -m*c = -c - d. Is c composite?
True
Let g(s) be the second derivative of s**5/20 - 3*s**4/4 + 11*s**3/6 - 9*s**2/2 + 3*s. Is g(8) composite?
True
Let o = 3 - -1. Suppose -2*s = -o - 4. Suppose 0 = -2*t - z + 186, -2*t + 105 = -s*z - 81. Is t composite?
True
Let i(d) = -d + 4. Let s be i(4). Let x = 0 + s. Suppose x = q - 6 - 5. Is q prime?
True
Suppose 2*d - 868 = -150. Is d a prime number?
True
Let s(r) = 85*r**3 + 2*r**2 - 2*r + 5. Is s(4) composite?
True
Is 71 + -2 - 0/(-1) prime?
False
Let l(f) = 4*f + 7. Let g be l(-6). Suppose m = -31 - 19. Let i = g - m. Is i a prime number?
False
Let d = -16 + 8. Is 1/(-4) + (-74)/d composite?
True
Suppose 5*k = 3*l - 18, -5*l + 2*k + 31 - 1 = 0. Suppose -l*m + 2*m + 20 = 0. Suppose -231 = -m*t + 194. Is t a prime number?
False
Let b = -1 - -4. Suppose 3*h + 27 = b*x, 0 = x - h - 3*h - 21. Suppose -3*f + 101 = -2*w, x*f - 141 = -w + 23. Is f a composite number?
True
Suppose -2*g - 4*g + 444 = 0. Is g a prime number?
False
Let k(w) = -14*w**3 + w - 1. Let c be k(1). Is (-326)/c + 8/(-28) a prime number?
True
Let n(v) = -v**3 - 22. Suppose -h + 2*l = -2*l, 0 = 4*l. Let q be n(h). Let j = q + 45. Is j a composite number?
False
Suppose 0 = 3*b - 655 - 356. Is b + 0 - (-1 + 3) a composite number?
True
Let l be 2 + (428 - 0)/4. Let w = l + -72. Is w composite?
False
Let d be (-4)/(-14) - 160/70. Let i(k) = 94*k**2 + 3*k + 3. Is i(d) prime?
True
Let f(x) = -2*x - 6. Let c be f(-4). Suppose -2*w = -4, -c*r + 89 = -5*w + 29. Is r prime?
False
Suppose -983 = -4*h + 473. Suppose -2*z = 5*g + 364, 2*z + 2*g + h = g. Let a = z - -331. Is a a composite number?
False
Suppose -3*n - 5*u = -65, -n - n - 5*u = -35. Let m be 4/((-2)/(-2 - -6)). Let i = n + m. Is i composite?
True
Let m = 2010 - 1117. Is m a composite number?
True
Let u be (-1 + 3)*747/(-6). Let q = u - -360. Let k = -74 + q. Is k composite?
False
Let b(r) = 2*r**2 - 7*r + 37. Is b(-18) prime?
True
Let g(c) be the second derivative of -1/6*c**3 + c + 11/2*c**4 + 0*c**2 + 0. Is g(-1) prime?
True
Let i(d) be the first derivative of -d**5/20 - d**4/12 + d**3/2 + d**2/2 - 2*d - 2. Let z(s) be the first derivative of i(s). Is z(-4) a prime number?
True
Let r be 2/(-7) + (-173)/7. Let v = 13 + r. Is ((-476)/16)/(3/v) prime?
False
Suppose 5*c - 16 = 4. Is 6/3 - c - -39 a composite number?
False
Let a be (-2)/(-7) - 24790/(-14). Let x = a + -4559. Is 2/(-5) + x/(-20) a composite number?
False
Let p = 196 + 781. Is p a prime number?
True
Let p = 83 - -11. Let i = p - 56. Is i a prime number?
False
Suppose -5*x - 2*d - 16 = 2*d, 0 = 3*x - 5*d - 20. Let a = 4 - x. Suppose 0 = 5*c - a*r - 90, -2*r - r = -15. Is c composite?
True
Suppose 6 + 4 = 2*w. Suppose -w*o = 2*c - 785, 0*o = o + c - 157. Is o a composite number?
False
Suppose 0 = -6*c + c + 235. Is c composite?
False
Suppose 5*u - 7710 - 3395 = 0. Is u a prime number?
True
Let u(a) = 18*a**3 + 4*a**2 - 4*a + 1. Is u(4) a prime number?
True
Suppose 5*g - 17 = 2*g + s, -4*s - 14 = -3*g. Let x(y) = -4*y - 9. Let j be x(-6). Suppose -g*v = -v - j. Is v a composite number?
False
Let d be (2 + 14/(-5))*-5. Suppose -t - p = p + 2, 3*t = -p + d. Is 12 + (t + -1)/1 a composite number?
False
Let t = -2352 - -4745. Is t a prime number?
True
Is (-52)/(-1)*(-60)/(-48) prime?
False
Suppose 0 = 11*a - 3*a - 82520. Is a prime?
False
Is (-29589)/42*(-2*1)/1 composite?
False
Let a(y) = y + 47. Is a(0) prime?
True
Let f be (-1*2)/(7/(-14)). Suppose o + 4*b - 34 = 0, -7*b + f*b = o - 29. Is o a composite number?
True
Suppose -p = r + 9, 2*r + 33 = -3*p + r. Let k be (p/10)/(2/(-5)). Is (1 + -7)*(-13)/k prime?
False
Let u(v) = -v**2 - 3*v - 2. Let m be u(-2). Suppose m*g = g - 17. Is (g - 4/(-2)) +